 1)*3*(-3)/(-9). What is the highest common factor of 30 and s?
15
Suppose 3*f - g - 3*g - 41 = 0, 2*f = -g + 31. Calculate the greatest common divisor of f and 15.
15
Let i be (6/12)/(1/32). What is the highest common factor of 32 and i?
16
Let n(f) = -f + 1. Let x be n(0). Let j = 1 + x. Calculate the greatest common factor of j and 10.
2
Suppose 2*t + 2*j - 8 = -2*j, 0 = 3*t + 3*j + 3. Let g = 66 - t. Let y = 28 - 20. What is the greatest common divisor of g and y?
8
Suppose -j - 3 = 0, 6*d - 1 = 5*d - 2*j. Let f be 2/(-4)*(-6)/3. Calculate the greatest common divisor of d and f.
1
Let i be (-2)/(-3) + (-2108)/(-6). Suppose 3*j = -j + i. Calculate the greatest common factor of j and 11.
11
Let y be 1 + (-1 + -1)*-1. Suppose -n + 4*k + 48 = -16, -y*n + 160 = 4*k. What is the highest common divisor of n and 8?
8
Suppose -5*f = 2*h - 22, -f = -4*h - 0*h + 22. Let c = -147 + 70. Let v = -35 - c. What is the highest common factor of h and v?
6
Let t be (-8)/6 + (-630)/(-27). Suppose 3*y - 141 = 3*i, -4*y + 218 - 33 = -3*i. What is the highest common divisor of t and y?
22
Let v = 6 - -24. What is the highest common factor of 75 and v?
15
Let y(v) = -v - 7. Let g be y(-7). Suppose 0*k - k + 24 = g. Let m = 154 + 14. What is the highest common factor of k and m?
24
Let u be 1/(-2)*-42*1. Calculate the greatest common factor of 21 and u.
21
Suppose -4*g = 3*x + 2 + 1, 2*x - 4*g = 18. What is the highest common divisor of x and 3?
3
Let o be 126/10 - (-4)/10. Suppose 0*p = y - p - 103, -4*y - 5*p = -421. Calculate the highest common divisor of y and o.
13
Suppose 2*r - 117 = 53. What is the greatest common divisor of 17 and r?
17
Let s = -164 + 171. What is the greatest common factor of 7 and s?
7
Let u(n) = 8 + n**3 + n**3 - n**3 - 7*n**2. Let g be u(7). Suppose 8*y - 3*y - 27 = -3*v, 2*y - 18 = -3*v. Calculate the greatest common factor of v and g.
4
Suppose p + 2 = 8. Calculate the highest common divisor of 6 and p.
6
Suppose -360 = -10*z + 2*z. Calculate the highest common factor of z and 315.
45
Let o be (-6)/8 - (-3267)/36. Let b be (0 + -10)*1*-1. What is the highest common factor of o and b?
10
Suppose 4*l - 103 = 177. Let c = 130 - l. Suppose 0 = 3*h - 2*b - 60, -4*b - c = -5*h + 2*h. What is the greatest common factor of h and 8?
4
Suppose 0 = -5*s - 2*t + 22, -5*t - 49 = -4*s - 5. Let b(p) = 3*p - 8. Let h be b(s). Calculate the greatest common factor of 4 and h.
2
Suppose 299 - 83 = 3*a - 2*x, 0 = 2*a - x - 144. Let z(g) = -g**2 + g + 9. Suppose k = -0*k. Let t be z(k). What is the greatest common factor of a and t?
9
Let p be 1/(3 - 2)*-6. Let v(r) = -7*r - 7. Let m be v(p). What is the highest common divisor of 14 and m?
7
Suppose 3*v - m = -5*m + 65, 0 = 4*v - m - 55. Suppose -7*q - 29 = -71. What is the highest common divisor of v and q?
3
Suppose -5*r = 241 - 41. Let q = -13 - r. What is the highest common divisor of q and 189?
27
Let y = -12 + 5. Let t(o) = -o + 5. Let k be t(y). Calculate the highest common divisor of k and 12.
12
Let r be 49/(-14) - 6/(-4). Let d be (-15 + 7)/(1/r). Calculate the greatest common factor of 40 and d.
8
Suppose 2*d - 4*d + 36 = 4*f, 4*d - 5*f = 98. Calculate the highest common factor of d and 242.
22
Let o = -9 - -13. Suppose -o*q = 9 + 3, -4*q = 3*w. Suppose 2*g + w*v = 98, 5*g - 4*v - 98 - 77 = 0. What is the highest common divisor of 26 and g?
13
Let s be -2 + 198/2 + 2. Let x be (18/(-8))/(14/(-56)). What is the greatest common factor of x and s?
9
Let n be (1 + -1)/((-6)/(-2)). Suppose -845 = -5*p + 2*l + 3*l, 4*p + 5*l - 667 = n. Suppose p = 4*h - h. What is the greatest common divisor of h and 8?
8
Let s = 33 + -21. What is the highest common factor of 60 and s?
12
Let j(g) = g**3 - 4*g**2 + g + 3. Let h be j(4). Let n = 41 - -15. What is the highest common factor of n and h?
7
Let d = -5 - -6. What is the greatest common divisor of d and 9?
1
Let k = -37 - -38. Calculate the highest common factor of k and 8.
1
Let s = 51 + -22. Let v = s + -14. Calculate the greatest common divisor of 5 and v.
5
Suppose 0 = -4*p - 0*p + 8. Suppose -p = -o - 1. Let m be (4/6)/(o/18). What is the highest common divisor of 36 and m?
12
Suppose 2*d = -3*m + 52, 0 = -m - 0*m - 4*d + 24. Suppose 0 = 4*g - 0*g - 60. Let i be ((-48)/g)/((-2)/10). Calculate the highest common divisor of m and i.
16
Suppose -95 - 25 = -8*t. Calculate the greatest common divisor of t and 6.
3
Let r(c) = c**3 + 7*c**2 + c - 7. Let v be r(-7). Let d = 57 - 15. Let u be (-4)/v - (-3684)/d. What is the greatest common divisor of 8 and u?
8
Let l be -2 + 5/(10/(-32)). Let s = l - -19. What is the highest common factor of s and 9?
1
Let b = 36 - 15. Let y(s) be the third derivative of -s**4/24 - s**3/2 + 4*s**2. Let n be y(-6). What is the highest common divisor of n and b?
3
Let r(y) = 3*y - 4. Let w be r(-4). Let x = w - -61. Suppose 0 = -q - g + x, -2*q + 2*g + 150 = q. What is the highest common factor of q and 16?
16
Suppose -12 = -4*n + 144. What is the highest common divisor of n and 26?
13
Suppose 4*y = -2*l + 176, -2*l = 2*l + y - 380. What is the greatest common divisor of 12 and l?
12
Suppose -b - 3*n = -133, 4*b - n + 3*n = 492. Calculate the greatest common factor of b and 11.
11
Suppose 8*v + 40 = 3*v. Let z(u) = u**3 + 7*u**2 - 12*u - 8. Let a be z(v). Calculate the highest common factor of 6 and a.
6
Suppose r - 5*u = -4*r + 50, -3*r = 2*u - 30. What is the highest common factor of r and 30?
10
Let z(r) = -r**2 + 2*r + 3. Let n be z(4). Let h(b) = 2*b**2 + 7*b. Let x be h(n). Suppose 0 = -3*j - 2*j + x. What is the highest common factor of 15 and j?
3
Let a(q) = q**2 + 10*q - 11. Let r be a(7). Calculate the greatest common factor of 12 and r.
12
Suppose -48 - 6 = -j. Suppose 5*t - 75 = -5*m, 0 = t - 0*m + 4*m - 6. Calculate the greatest common factor of j and t.
18
Let d = 1 + 0. Let r be 5/(d*(-1 + 2)). What is the highest common divisor of r and 25?
5
Let n(r) = 5*r - 4. Let d be n(3). What is the highest common factor of 88 and d?
11
Let g(h) = -2*h**3 - 11*h**2 - 8*h - 7. Let x be g(-6). Calculate the greatest common factor of x and 11.
11
Let b = -6 + 12. Let r be 45 - b/(2 - 0). Suppose -35 = -2*j + 21. What is the greatest common factor of j and r?
14
Let u be 6/(-5)*(-60)/24. Let m be 5/(4 - (0 + u)). Calculate the greatest common factor of 45 and m.
5
Let p(q) = q**3 - 10*q**2 + 2*q - 7. Let j be p(11). Suppose j = 5*o + 16. What is the greatest common divisor of 6 and o?
6
Let w(x) be the second derivative of -5*x**3/6 + 9*x**2/2 - 2*x. Let q be w(-7). Suppose -z - q = -3*z. Calculate the greatest common factor of 55 and z.
11
Let y(o) = 9*o**2 - 3*o - 17. Let m(h) = 5*h**2 - 2*h - 9. Let d(z) = 11*m(z) - 6*y(z). Let x be d(4). Calculate the highest common divisor of x and 24.
3
Let m be (1 - 2)/((-2)/26). Let l = -25 + 129. What is the greatest common factor of l and m?
13
Let y be (-20)/(-12)*10*6. What is the greatest common divisor of y and 25?
25
Suppose -5*o + 4*b - 36 = 0, 5*o + 3*b + 12 = -31. Let u = o - -6. Let i be (0 + 10)/(u + 4). Calculate the highest common divisor of 2 and i.
1
Let v be 0 - (-1 - -14)*-1. Suppose 2*j - 3*f - 240 = 0, -3*j + 193 = -3*f - 164. Calculate the greatest common factor of v and j.
13
Let s(r) = -r**2 - 7*r + 15. Let a be s(-7). Suppose -5 = -0*p - p. Calculate the greatest common factor of a and p.
5
Let j be 6/4*(-114)/(-9). Let s be (1 + 1)*190/10. Calculate the greatest common factor of j and s.
19
Let h be (-10)/(8/6 + -2). Let s(n) = -18*n**2 - 4*n - 3. Let w be s(-3). Let v = w - -318. What is the greatest common divisor of h and v?
15
Let y = 8 - 4. Let p(n) = -n**3 + 11*n**2 + 14*n - 20. Let i be p(12). Calculate the greatest common divisor of y and i.
4
Suppose -4*w - 12 = 0, -5*q + 4*w + 363 = -2*q. Suppose -2*c - 3 = c. Let o be 11 + 2 - (-1 - c). What is the highest common divisor of o and q?
13
Let c = 442 + -77. Suppose 0 = 3*k - 115 - c. Calculate the highest common divisor of 20 and k.
20
Let j = 100 - 68. Suppose -z + j = z + 5*g, 4*z = 2*g + 88. What is the highest common divisor of z and 7?
7
Let o(w) = -w**3 + 7*w**2 - 2*w - 6. Let j be o(6). Suppose 0 = 3*l - i - 80, i - 2*i + 82 = 3*l. What is the greatest common divisor of l and j?
9
Let i(l) = l